 What is v(4)?
-1
Let s be (-1 - -1)*-1 - 2. Let k(l) be the third derivative of -1/120*l**6 - 1/20*l**5 - 6*l**2 + 1/6*l**3 + 0 - 1/12*l**4 + 0*l. Give k(s).
1
Suppose -10 + 1 = 3*r. Let a be (-1)/r*1*-3. Let k = 4 - a. Let v(h) = -h**2 + 8*h - 7. What is v(k)?
8
Let n(j) = -5*j + 9. Let t be -1*((-22)/(-3))/((-44)/66). What is n(t)?
-46
Let b be (-35)/(-14) + 6/(-4). Suppose 0 = -2*p + b + 9. Let h(v) = -p - v**2 - 2 + 0 + 7*v. Determine h(6).
-1
Let y(u) = 14*u**2. Suppose -3*j = 7*j - 10. Determine y(j).
14
Suppose 0 = 90*j - 99*j + 63. Let m(b) = b**3 - 6*b**2 - 3*b - 3. Calculate m(j).
25
Let d(f) = f**2 + 5*f - 4. Let l(y) = y**2 + y - 1. Suppose 0 = -4*m + 5*p - 4, -5*m = 3*p + 8 - 3. Let w(s) = m*d(s) + 3*l(s). What is w(3)?
13
Let c(t) = 31*t**2 - 7*t + 9. Let a(y) = -25*y**2 + 5*y - 8. Let i(w) = 5*a(w) + 4*c(w). What is i(-1)?
-2
Let f(a) = a**2 - 8*a - 6. Let u = -9 - -31. Let c(r) = 3*r - 59. Let j be c(u). What is f(j)?
-13
Let v(u) = 21*u**2 - u + 1. Suppose -3*p - 9 = 3*j - 3, -p = 3. What is v(j)?
21
Let q(x) = -48*x + 2308. Let r be q(48). Let y(z) be the second derivative of -z**5/20 + 5*z**4/12 - 2*z**3/3 + 2*z**2 + z. What is y(r)?
4
Let q(l) = -4*l - 14. Suppose 238*i = 232*i - 36. Determine q(i).
10
Let w(z) = -17*z - 2. Let x(g) = -18*g - 3. Let t(j) = -4*w(j) + 3*x(j). Let v(q) = -166 - 168 + 332 + 28*q. Let h(r) = -5*t(r) + 3*v(r). Give h(1).
13
Suppose 4*j - 3 - 11 = -2*l, -4*j + 20 = 4*l. Let x(q) = 1 - 5*q - j + 8*q**2 - q**3 - 2*q**2. Suppose 0 = 2*c - 3*c + 5. Calculate x(c).
-1
Suppose 22*s = 23*s + 1. Let t(p) = -27*p + 63*p - 14*p. Determine t(s).
-22
Let r(j) be the first derivative of j**3/3 - 6*j**2 + 20*j - 4. What is r(10)?
0
Let o(p) = -p + 4. Let l be 0*3/6*12/24. Determine o(l).
4
Let w(a) = -3*a**3 + 3*a - 2. Let c(o) = 9 - 6 - o - 2. Let i(b) = 4*b**3 - b**2 + 2*b - 3. Let l(u) = 6*c(u) + i(u). Let g(h) = -2*l(h) - 3*w(h). Give g(-3).
-6
Let a = 10 + -8. Let s be 3 - a/8*0. Suppose 2*o = s + 1. Let r(h) = -2*h**3 + 2*h**2 + h + 2. Determine r(o).
-4
Suppose 15 = -4*c - 13. Let v(j) = 5*j**2 - 9*j. Let d(g) = -2*g**2 + 4*g. Let q(i) = c*d(i) - 3*v(i). Let r(o) = 3*o**2 - o. Let f be r(1). Calculate q(f).
-6
Let n(o) = o + 1. Let s(h) = -h + 10. Let t be s(8). Let k(b) = 0*b**2 + 3*b**2 - 2*b**2 - 3*b + 2*b + 2. Let u(y) = t*n(y) - k(y). Give u(4).
-4
Let b(z) = 3*z - 9. Let k(r) = r - 2. Let p(u) = -b(u) + 4*k(u). Let q(a) = a**3 - 10*a**2 - 9*a - 15. Let l be q(11). Determine p(l).
8
Let v(w) = -w**2 + 10*w + 12. Let h = 244 - 235. Give v(h).
21
Suppose 3*k + 0 = -s + 3, -2*k - 20 = -3*s. Let o be (-1)/2 + (-177)/s. Let h be o/(-135) - (-14)/18. Let z(v) = 3*v**2 + v. Determine z(h).
4
Let s(v) = -2*v**2 - 2*v. Let p(f) = f**3 - 3*f**2 - 8*f + 3. Let w be p(5). Suppose g + w = 2*g. Suppose -g = -0*i + 5*i - 3*z, 3*z = -i + 1. Calculate s(i).
-4
Let y(p) = -3*p**2 + 3. Let c(b) = -5*b**2 + 7. Let i(o) = -2*c(o) + 5*y(o). Suppose 10 = -a + 9. Give i(a).
-4
Let p(a) = -a + a + 6*a + a. Let o be (2 - 1/1) + 0. What is p(o)?
7
Let n(j) = -j**3 + 6*j**2 + 7*j + 10. Let h = -191 + 198. Give n(h).
10
Let i(w) = 14*w + 2. Let d be i(0). Let q(n) = 11*n - 8. Let h(x) = 4*x - 3. Let v be 2/1 + (1 - 6). Let z(c) = v*q(c) + 8*h(c). Calculate z(d).
-2
Let c be 1*4*(-18)/24. Let d(o) be the third derivative of -o**4/24 + o**3/6 - 604*o**2. Calculate d(c).
4
Let i(c) be the second derivative of c**5/20 - c**4/3 - c**3/2 - 2*c**2 + 97*c - 2. Suppose 3*l = 5 + 10. What is i(l)?
6
Suppose 0 = 2*r + 15 - 91. Let q = 38 - r. Let n(d) = d**2 - 10. Give n(q).
-10
Let m(a) = a - 4. Suppose -169 = 39*w - 13. Determine m(w).
-8
Let u(z) be the second derivative of z**4/12 + z**3/6 - 19*z**2/2 + 30*z. Let k(v) be the first derivative of u(v). Calculate k(7).
15
Suppose -3*n - 562 + 562 = 0. Let q(x) be the second derivative of 0*x**4 + 1/20*x**5 + 6*x + n*x**2 - 1/6*x**3 + 0. Determine q(-1).
0
Let c be -1 - (-6)/(9 - 7). Let z(n) = -n**2 - 1. Calculate z(c).
-5
Let k(w) = 12*w**3 + 2*w**2 - 2*w + 19. Let y(h) = -5*h**3 - 2*h**2 - 10. Let q(g) = -3*k(g) - 7*y(g). What is q(9)?
-14
Let r(i) = 22*i + 2*i**2 + 6*i**2 - 13*i - 6*i - 2. What is r(1)?
9
Suppose 3*w = d - 11, w + 4*d = -4*w + 10. Let n(f) = -f - 2. Let i(c) = c + 1. Let o(y) = w*i(y) - n(y). Let t(a) = -2*a - 3. Let v be t(-3). Calculate o(v).
-3
Let k(f) = -f**2 - 3. Let w be k(0). Let i(h) be the first derivative of -h**3/3 - 3*h**2 - 2*h + 22. Determine i(w).
7
Let r(l) = -7*l + 2*l**3 + 3 - 4*l**2 + 2*l**3 - 3*l**3. Suppose 25*d - 20 = 63 + 42. Give r(d).
-7
Let a = -28 + 32. Suppose -a*r = 14 + 10. Let l(w) = w**2 + 4*w + 1. Calculate l(r).
13
Let y(z) = 0*z - 7*z - 3 + 11*z - 15*z. Determine y(-3).
30
Let x(t) be the second derivative of -3*t + 0 + 1/12*t**4 - 5/3*t**3 + 2*t**2. Determine x(10).
4
Let x(j) be the third derivative of j**4/24 + 7*j**3/3 - 54*j**2 - 4*j. Calculate x(-15).
-1
Let q(d) be the third derivative of 5*d**4/24 + d**3/6 + 71*d**2 + 10*d. Let h = -11 - -15. What is q(h)?
21
Let a(o) be the second derivative of -o**3/3 + 3*o**2 + 8*o. Let d(u) = -2*u + 5. Let q(k) = 4*a(k) - 5*d(k). What is q(-2)?
-5
Suppose -4*k + 5*d = 0, 0 = -7*d + 3*d - 16. Let y(q) = 7*q**2 - 4*q - 9. Let g(t) = -t**2 + t + 2. Let r(l) = -6*g(l) - y(l). Give r(k).
-18
Let o = 0 + 3. Let j(y) be the first derivative of -1 - 2 - 3*y**o - y + 4 + 6. Give j(1).
-10
Let u(z) be the first derivative of z**3/3 - z**2 + z + 84. Calculate u(5).
16
Let v(b) be the second derivative of b**4/12 - 7*b**3/6 + b**2/2 - 5*b + 8. Calculate v(5).
-9
Let z(y) = 12 - 10 - 10*y**2 - 3*y**2 - 10*y + 14*y**2. Let o(m) = 3*m - 6. Let j be o(4). What is z(j)?
-22
Let b(q) = 2*q - 38. Suppose 0 = 4*n + 4*s - 92, -3*n - 2*s + 21 = -43. What is b(n)?
-2
Let n = 4 + -2. Let u(z) = z + 2 + z**n + 3*z**2 - z**2. Suppose -14 = -11*w + 15*w - 3*i, 5*w + 12 = i. Give u(w).
12
Let k(s) = -s**3 - 2*s**2 + 2*s + 5. Suppose -1555*h = -1561*h - 24. Calculate k(h).
29
Let f(c) = -50*c**2 + 12*c + 4. Let o(n) = -61*n**2 + 14*n + 5. Let u(y) = -6*f(y) + 5*o(y). Suppose 2*i - 3 = g, -4*g + 9 = 3*i - 1. Determine u(g).
-6
Let j(c) = -4*c + 2. Let f(t) = -t - 3. Let y(p) = f(p) - j(p). Give y(6).
13
Let v(b) = -b**2 - b. Let k(c) = -11 - 15 - 15*c + 17 - 5*c**2. Let a(j) = k(j) - 6*v(j). Determine a(10).
1
Let j(r) = -4*r + 2*r**3 - 3 - 3*r**3 - r + 6*r**2. Let m be j(5). Let l(w) = -84 + 80 - w**3 - 3*w**2 + 0*w**3 + w. Give l(m).
-7
Let l = 956 - 967. Let p(d) = d**2 + 11*d + 5. Calculate p(l).
5
Suppose 323 = 3*h + 296. Let s(w) = w**3 - 9*w**2 - 4*w + 3. Determine s(h).
-33
Let p(b) be the third derivative of 0*b + 0 + 1/24*b**4 - 16*b**2 + 25/6*b**3. Calculate p(0).
25
Suppose 0 = 4*k - 5*w - 45, -38*k + 41*k - 5*w - 30 = 0. Let c(p) = p**2 - 17*p + 31. What is c(k)?
1
Let a(k) = -227*k + k**2 - 2*k**2 + 8 + 117*k + 111*k. Determine a(-3).
-4
Let s = 1025 - 1028. Let f(x) = -6*x - 2. Determine f(s).
16
Let x(w) be the second derivative of w**3/2 + 2*w**2 + 39*w. Calculate x(-2).
-2
Let d(s) be the first derivative of -8*s**3/3 + 3*s**2/2 - 228. Calculate d(2).
-26
Let b(k) = k**3 - 3*k**2 - 3*k + 2. Let s(o) = 19*o + 4. Let p be s(4). Let g = -49 + p. Suppose -4*x - 3*n + 23 = 0, 0 = 2*x + x + 5*n - g. Give b(x).
-8
Let x(n) be the second derivative of -n**5/20 + 2*n**4/3 + 2*n**3/3 + 6*n**2 + 43*n + 1. What is x(9)?
-33
Let h(r) be the first derivative of r**2/2 + 11*r + 129. What is h(-13)?
-2
Suppose q - 79 = -69. Let r(y) = -y**3 + 11*y**2 - 10*y + 10. Give r(q).
10
Suppose 4*q - 3*c + 35 = 45, 22 = 5*q + c. Let g(u) = u**3 - 5*u**2 + 4*u - 3. Give g(q).
-3
Let n(l) = -8*l - l**2 + 3*l + 7 + 2*l**2 - 2*l. Suppose -146 = -14*b - 62. Calculate n(b).
1
Let x = 38 + -35. Let a(w) = 0 - x*w + 2 + 2*w + 6*w - w**2. Calculate a(6).
-4
Let i(w) be the first derivative of 20*w + 14 + 1/2*w**2 - 1/3*w**3. Calculate i(0).
20
Let b(p) = -p - 2. Let d(f) = -4*f + 6. Let l(r) = -3*b(r) - d(r). Give l(1).
7
Suppose 3*d - 11 - 7 = 0. Let v be (d + -5)/(1/(-5)). Let u(o) = o**3 + 5*o**2 + 2*o + 7. Determine u(v).
-3
Suppose 156 = -23*j + 35*j. Let m(b) = -b**2 + 14*b - 19. What is m(j)?
-6
Let s(m) be the second derivative of m**7/2520 + m**6/180 - m**5/40 + m**4 - m. Let w(v) be the third derivative of s(v). Calcu